 w**3/6 + 3*w**2/2 - 23*w. Is c(2) prime?
False
Suppose 2*s = -5*q + 62027, -34*q + 29*q + 31026 = s. Is s a composite number?
True
Let z(c) = 15*c**2 - 5*c + 3. Let s = -4 + 8. Is z(s) a prime number?
True
Let z(g) = -g**3 + 8*g**2 - 7*g - 1. Let n be z(7). Let d(i) = -7*i - 2. Let t be d(n). Let j(p) = p**2 + p + 7. Is j(t) a composite number?
False
Let k(d) = 4*d**2 - 1. Let w be k(-1). Suppose 0 = 4*v + r - 6768, -2*v = -0*v + w*r - 3374. Is v a composite number?
False
Let c = -19 - -24. Suppose 3*q = 3*b - 6, q = c*b - 3*q - 8. Let w = 19 + b. Is w prime?
True
Suppose 2*q - 20 - 10 = 0. Suppose 4*i - 12 = 0, 3*i = 2*c + 2*c - q. Suppose 3*s = -15, c*s - 2*s - 135 = -z. Is z a prime number?
False
Let c(z) = 6*z**3 - 17*z**2 - 41*z + 13. Is c(22) a prime number?
False
Suppose 7253 = -25*o + 85428. Is o prime?
False
Let u(f) = -f**2 + 3. Let q be u(-3). Let z be (-32)/q*(-1044)/(-16). Suppose -z = -4*j - 0*j. Is j a prime number?
False
Let n(i) = 23*i**3 - 2*i**2 + i - 3. Suppose -2*f = -2 - 8. Is n(f) composite?
True
Is (-2067)/52*(-29740)/15 a composite number?
True
Let t = -15843 - -23476. Is t composite?
True
Let p(d) = 184*d + 1405. Is p(0) prime?
False
Is (2 + -21043)/(3 + 6 + -10) composite?
True
Let r = -828 - -1065. Is r prime?
False
Suppose 4*k + 4082 = 2*i, i + 0*k + 3*k = 2016. Suppose -10*b + i = -499. Is b a prime number?
False
Let s = -22684 - -31911. Is s prime?
True
Let v(j) = -j**2 - 16*j - 45. Is v(-8) composite?
False
Let f = 36 + -29. Suppose 3*m - 5 = f. Suppose -m*w = 177 - 757. Is w a composite number?
True
Suppose 3*i + 2172 = -1404. Suppose 4*g - 2*w = -0*w + 16, 0 = 5*g + 4*w - 20. Is (i/12)/(g/(-6)) prime?
True
Suppose -3291 = -3*x - 3*m, -3*m = 2*x + 3*x - 5493. Suppose 0 = -5*a + 764 + x. Is a prime?
True
Let g(a) = a + 1. Let k be g(3). Suppose 0*l - 5*l - k*x + 3165 = 0, -x + 2532 = 4*l. Is l a prime number?
False
Let w be 24/(-10)*((-80)/(-12) + 0). Is 1 + (1095/10)/((-2)/w) a prime number?
True
Let g(y) = y**2 + 5*y**2 + 3*y**2 - 11*y - 2*y**2 + 11. Is g(9) a composite number?
False
Suppose -4*p - 8*p + 36996 = 0. Is p a prime number?
True
Suppose -h + 62960 = -6*r + 8*r, 4*r - 125918 = -3*h. Is r prime?
True
Let v(s) = 2*s + 88. Let c be v(-13). Suppose -4*z - 423 = 269. Let w = c - z. Is w composite?
True
Is (54 + -67)*-1*431 prime?
False
Let l = 19895 + -5526. Is l prime?
True
Let o(c) = 129*c**2 + 17*c - 191. Is o(8) prime?
False
Let n(q) = -188*q**3 - 8*q**2 + 3*q. Is n(-5) a prime number?
False
Suppose 10 = 5*n + m, -5*n - 3*m + 11 = 1. Suppose -5*d - 5*p + 3555 = 0, -686 = -3*d + n*d + 4*p. Suppose 191 - d = -5*z. Is z a prime number?
True
Suppose 10*i - 11 = 29. Suppose -4*d = g - 358, -i*g + 9 = 1. Is d prime?
True
Suppose -17*b - 77757 + 255934 = 0. Is b composite?
True
Let s = -11 + 13. Suppose -s*v = -v. Suppose v = 5*p - p - 1948. Is p a composite number?
False
Let d(h) = -4*h**2 + 6*h + 9. Let o be d(8). Let z = 212 - o. Is z a composite number?
True
Let a = 696 + 2995. Is a prime?
True
Suppose 0 = -7*c + 3*c + 16. Suppose -715 = -c*h + 3*o, -4*h + 4*o = -2*h - 350. Let f = h + -126. Is f prime?
False
Let a be 3/(-2)*28/(-21). Suppose 39 - 14 = -5*d, a*u - 15 = -3*d. Let r = 21 - u. Is r a prime number?
False
Let o(q) = q**3 + q**2 - 2*q + 15. Let g(f) = 4*f. Let a be g(1). Let b be 0/((12/a)/1). Is o(b) a prime number?
False
Suppose -198 = 3*m - 3*t, 3*m + 2*t + 230 = -3*t. Let o = 183 - m. Is o prime?
False
Suppose 5150 = k + 687. Suppose -4*f + 1636 = -3*q + 4977, -k = -4*q - 3*f. Suppose -7*b = -2*b - q. Is b composite?
False
Suppose 3*l - 3815 = 2*p, 3842 - 51 = 3*l + 4*p. Let v be l + (-4 - -12)/(-4). Suppose 3*k + 298 - v = 0. Is k a prime number?
False
Let t(h) be the third derivative of h**5/60 + h**4/24 - 3*h**3/2 + h**2. Let n be (6 + 2)/2 + 0 + -10. Is t(n) a prime number?
False
Suppose -m + 478 = -a + 4810, -2*m = a - 4317. Is a a composite number?
False
Let d(j) = -j + 13. Let n be d(10). Suppose 13 = 2*g + n. Suppose g*y - 276 = 149. Is y prime?
False
Let l be (15/6)/((-2)/4). Let z(m) = 32*m**2 + 5*m - 6. Is z(l) prime?
True
Is -14137*(40/10 + -5) a composite number?
True
Let n be 12/3*1 - (-5 - -15). Is n/(-4)*83568/72 prime?
True
Is 7953/2 - 7/(-14) a prime number?
False
Suppose -3*s + 7*t - 3*t = -233, 2*s - 162 = 4*t. Suppose -26*g + 100 = -28*g. Let n = s + g. Is n composite?
True
Suppose 0*n - 17 = 4*n - k, -2*n + 4*k = 12. Let u be (0 - -4) + 4 + n. Suppose 3*c = p + 264, u*c - 3*p = -5*p + 362. Is c a composite number?
False
Suppose 3*b + g = -39, g + 61 = -5*b - 2*g. Let n(f) = 2*f**2 + 15*f + 15. Let j be n(b). Suppose -j = -2*c + 57. Is c composite?
False
Suppose 5*m + i = -76, -m + 0*m - 14 = -i. Let a(p) be the second derivative of -17*p**3/2 - 11*p**2 + 21*p. Is a(m) prime?
True
Let l(s) = s**2 + 229. Let d be l(0). Suppose -5*j - 2*f + 1163 = 0, -d = -4*j + 3*j - 4*f. Is j composite?
False
Suppose y = 4*y + k - 11847, 2*y - 7898 = 3*k. Is y a prime number?
False
Let p(k) = 184*k - 41. Let x be p(12). Let r be (5/(-3))/((-2)/6). Suppose 1548 + x = r*b. Is b a composite number?
False
Let h be 18/(-2)*938/21. Let v = 1357 + h. Suppose 3*u = -2*u + v. Is u prime?
True
Let d = 831 - 500. Is d a composite number?
False
Is (-3)/(-3) - (-10996 - 0) a composite number?
True
Suppose -6*i = 67*i - 1793683. Is i a composite number?
False
Let d(w) = -w - 28. Let z be d(20). Let o = z - -82. Is o composite?
True
Let d(h) = h**3 + 35*h**2 - 51*h - 3. Is d(-22) composite?
False
Let z(x) = -x**3 + 3*x**2 + 3*x + 6. Let k be z(4). Suppose -4*y + k*l + 7969 = 2629, -6701 = -5*y - 4*l. Is y composite?
True
Let s be (-12)/(-90) + (-5996)/(-30). Suppose 0 = -4*a - 12, -a = m - 6*a - s. Is m a prime number?
False
Let p(b) = -9*b - 10. Suppose -g - 4 + 2 = 0. Let c be (-44)/6 - g/(-3). Is p(c) a composite number?
True
Suppose -5*j - 4*n - 3 = 0, -j = 2*j - 2*n + 15. Is (j/(60/(-8)))/((-1)/(-335)) a composite number?
True
Suppose -5*l + 4*l = -3*d - 191, -4*l - 3*d + 704 = 0. Suppose c - 5*s - 157 = l, 5*s = -4*c + 1219. Is c prime?
True
Let u = 165150 - 111149. Is u a composite number?
False
Suppose -20*j = -34*j + 106526. Is j composite?
True
Suppose -16 = o + 9. Suppose 2*i = -5*c - 338, -c = 4*i + 872 - 178. Let l = o - i. Is l composite?
False
Let f = -11 - -27. Suppose 0 = 21*j - f*j - 895. Is j a composite number?
False
Let d be 4 - 0 - 13/((-52)/60). Suppose 1975 = -d*k + 24*k. Is k composite?
True
Let h(v) = v**2 - 3*v - 8. Let r be h(-2). Is ((-5542)/6)/(2*r/(-12)) prime?
False
Let l(g) be the first derivative of 13*g**4/12 + 2*g**3/3 - 4*g**2 - 5*g - 9. Let m(n) be the first derivative of l(n). Is m(5) prime?
True
Let p(y) = 11*y**2 - 2*y - 19. Is p(22) a prime number?
True
Let a(c) = 21*c - 3. Let g = 2 + -1. Let i be ((-8)/24)/(g/(-6)). Is a(i) prime?
False
Is (-14)/42 - 13760/(-6) a composite number?
False
Let m(v) = v**2 - 20*v - 21. Let p be m(21). Is 5/((-10)/(-254)) - p a prime number?
True
Let x = -27 + 32. Suppose d = x*c - 4*d - 1475, 3*d = -5*c + 1459. Is c prime?
True
Suppose 0 = 5*l + 5*t + 3175, 4*l - 7*l + t - 1917 = 0. Let x = l + 1789. Is x composite?
False
Suppose -4*m = 4*h - 31912, 4*h - 12*m - 31930 = -10*m. Is h prime?
False
Let k be ((-1)/2)/((-1)/1078). Suppose 2*l - 8976 = -4*i, 0 = -5*i - 3*l + 11760 - k. Is i composite?
False
Suppose 3*g - q = -5*q + 17679, 3*g = 4*q + 17703. Is g a composite number?
False
Let k = -77 + 146. Is k composite?
True
Suppose 3*q + 5 - 2 = 0, 4*q - 16 = -4*g. Let s = -1 + g. Let f = s - -33. Is f a prime number?
True
Let k be -11*(0 - -4)/(-4). Let a = 282 + k. Is a a composite number?
False
Let z(q) = -2*q + 22. Let h be z(8). Suppose -14*n = -h*n - 3944. Is n composite?
True
Suppose 57 - 45 = 6*h. Suppose -509 - 281 = -h*k. Is k composite?
True
Suppose 4*u + 3*w = 1698, 3*w - w - 1274 = -3*u. Let k = u - -605. Is k prime?
True
Suppose -3*j - 4*i + 8181 = 0, -4*i = 5*j - 3001 - 10626. Is j a composite number?
True
Let b = 5539 - -2016. Is b composite?
True
Let d be (-1 + -1677)/(114/(-12) + 9). Suppose -3*y + 5*r = -d, 0 = -2*y + 4*r - 2*r + 2236. Is y a composite number?
False
Let z be (3/9)/((-1)/6). Let c = 7 + z. Suppose 2*o + 2*w + 81 - 227 = 0, c*w = 4*o - 328. Is o composite?
True
Let t(l) = -839*l + 26. Is t(-